the prime factors of 1640461171?
1640461171
What are the prime factors of 157957593?
3, 503, 104677
What are the prime factors of 265535591?
16141, 16451
What are the prime factors of 534273945?
3, 5, 35618263
List the prime factors of 63021393.
3, 7002377
List the prime factors of 288164940.
2, 3, 5, 7, 179, 3833
List the prime factors of 591770378.
2, 37, 113, 70769
What are the prime factors of 6928487610?
2, 3, 5, 11, 47, 103, 4337
What are the prime factors of 619277145?
3, 5, 41285143
List the prime factors of 6350784.
2, 3, 11, 31, 97
List the prime factors of 45100072.
2, 19, 47, 59, 107
What are the prime factors of 658883986?
2, 329441993
List the prime factors of 1486528092.
2, 3, 7, 257, 1093
What are the prime factors of 41886399?
3, 139, 100447
What are the prime factors of 2159682539?
7, 308526077
What are the prime factors of 891585960?
2, 3, 5, 7429883
What are the prime factors of 3573659522?
2, 17, 137, 587, 1307
What are the prime factors of 131220077?
131220077
List the prime factors of 59332653.
3, 6592517
What are the prime factors of 8498839?
103, 109, 757
List the prime factors of 2721523762.
2, 97, 479, 29287
List the prime factors of 189444201.
3, 97, 509, 1279
What are the prime factors of 60028935?
3, 5, 97, 41257
What are the prime factors of 222644648?
2, 17, 1637093
What are the prime factors of 452302466?
2, 7, 11, 43, 167, 409
What are the prime factors of 745144780?
2, 5, 179, 208141
List the prime factors of 42530758.
2, 179, 118801
What are the prime factors of 1407189752?
2, 1103, 159473
List the prime factors of 396411707.
521, 641, 1187
List the prime factors of 28285461.
3, 3142829
List the prime factors of 523117388.
2, 130779347
List the prime factors of 111244949.
2371, 46919
List the prime factors of 24928449.
3, 7, 13, 127, 719
What are the prime factors of 2219993079?
3, 19, 38947247
What are the prime factors of 55788487?
55788487
List the prime factors of 136473981.
3, 7, 6498761
What are the prime factors of 1353926600?
2, 5, 13, 41, 977
List the prime factors of 122091834.
2, 3, 19, 1070981
List the prime factors of 360436436.
2, 1583, 56923
List the prime factors of 406618987.
406618987
List the prime factors of 40078471.
40078471
List the prime factors of 1479597091.
7, 17, 1776227
List the prime factors of 621134824.
2, 77641853
List the prime factors of 96052288.
2, 1500817
What are the prime factors of 1472791894?
2, 7, 105199421
What are the prime factors of 216993700?
2, 5, 7, 11, 28181
What are the prime factors of 48929007?
3, 16309669
What are the prime factors of 113782913?
41, 2775193
List the prime factors of 25797023.
7, 3685289
List the prime factors of 732804657.
3, 13, 2677, 7019
List the prime factors of 3240208473.
3, 1080069491
What are the prime factors of 1792567320?
2, 3, 5, 131, 114031
List the prime factors of 3682765394.
2, 7, 11, 23914061
What are the prime factors of 178383629?
4799, 37171
What are the prime factors of 85010176?
2, 139, 2389
List the prime factors of 179058628.
2, 7, 59, 283, 383
List the prime factors of 662181908.
2, 165545477
What are the prime factors of 173288600?
2, 5, 866443
List the prime factors of 1686672863.
3209, 525607
What are the prime factors of 298256757?
3, 73, 1361903
What are the prime factors of 196259915?
5, 31, 359, 3527
What are the prime factors of 2476140692?
2, 619035173
What are the prime factors of 291674051?
291674051
What are the prime factors of 1460178550?
2, 5, 29203571
List the prime factors of 1024747766.
2, 7, 73196269
What are the prime factors of 1210917488?
2, 11, 269, 25577
List the prime factors of 793583073.
3, 73, 349, 3461
List the prime factors of 75659326.
2, 887, 42649
What are the prime factors of 492305816?
2, 67, 918481
List the prime factors of 626365050.
2, 3, 5, 337, 12391
What are the prime factors of 73576963?
73576963
What are the prime factors of 1270490500?
2, 5, 2540981
List the prime factors of 101444967.
3, 13, 17, 1889
List the prime factors of 23447671.
13, 1803667
List the prime factors of 75891285.
3, 5, 1686473
List the prime factors of 12838337.
12838337
List the prime factors of 625502458.
2, 7, 19, 2351513
What are the prime factors of 6773166?
2, 3, 125429
What are the prime factors of 5773757?
11, 47717
What are the prime factors of 113140460?
2, 5, 193, 29311
List the prime factors of 1885104378.
2, 3, 139, 753439
What are the prime factors of 109615973?
1409, 77797
What are the prime factors of 51583672?
2, 7, 131591
List the prime factors of 68841107.
2003, 34369
What are the prime factors of 1133690322?
2, 3, 17, 11114611
What are the prime factors of 630565982?
2, 941, 335051
What are the prime factors of 281655128?
2, 109, 322999
List the prime factors of 62203921.
13, 593, 8069
What are the prime factors of 2014343784?
2, 3, 27976997
What are the prime factors of 1990345?
5, 7, 19, 41, 73
What are the prime factors of 5421764749?
109, 523, 95107
What are the prime factors of 110340891?
3, 191, 64189
List the prime factors of 1226209146.
2, 3, 29, 7047179
List the prime factors of 27693387.
3, 47, 139, 157
List the prime factors of 136839722.
2, 2749, 24889
What are the prime factors of 60698335?
5, 439, 27653
List the prime factors of 204000133.
23, 41, 227, 953
What are the prime factors of 745471868?
2, 1019, 182893
What are the prime factors of 49364513?
11, 4487683
List the prime factors of 93281646.
2, 3, 71, 218971
What are the prime factors of 106533426?
2, 3, 73, 243227
List the prime factors of 149379998.
2, 3229, 23131
What are the prime factors of 64232463?
3, 479, 44699
List the prime factors of 35234717.
7, 5033531
What are the prime factors of 19216586?
2, 61, 157513
What are the prime factors of 155311606?
2, 77655803
What are the prime factors of 58331529?
3, 1151, 1877
What are the prime factors of 28986739?
23, 1260293
What are the prime factors of 1531444084?
2, 1123, 340927
List the prime factors of 6879988034.
2, 1607, 2140631
What are the prime factors of 250668824?
2, 7, 19, 235591
List the prime factors of 42927823.
191, 317, 709
List the prime factors of 3339692.
2, 23, 31, 1171
What are the prime factors of 686073037?
13, 52774849
What are the prime factors of 740188?
2, 211, 877
What are the prime factors of 1194133?
29, 41177
List the prime factors of 563016868.
2, 140754217
What are the prime factors of 18209234?
2, 9104617
List the prime factors of 30219958.
2, 15109979
List the prime factors of 38842531.
7, 13, 426841
What are the prime factors of 1299036594?
2, 3, 419, 516721
What are the prime factors of 2554158085?
5, 59, 79, 109597
List the prime factors of 7340830776.
2, 3, 101955983
What are the prime factors of 17886127?
7, 29, 41, 307
List the prime factors of 23979223.
23979223
List the prime factors of 95218037.
17, 5601061
What are the prime factors of 2258251801?
13, 199, 872923
What are the prime factors of 23924143?
23924143
List the prime factors of 458190181.
10331, 44351
List the prime factors of 4349781435.
3, 5, 19, 991, 15401
List the prime factors of 746077987.
746077987
List the prime factors of 2324017923.
3, 19037, 40693
List the prime factors of 16048462.
2, 2153, 3727
List the prime factors of 1342182217.
3677, 365021
What are the prime factors of 62617386?
2, 3, 13, 802787
List the prime factors of 3402024384.
2, 3, 11, 146437
List the prime factors of 182456851.
59, 349, 8861
What are the prime factors of 1852280312?
2, 103, 2247913
What are the prime factors of 613477995?
3, 5, 13, 3146041
List the prime factors of 4296874362.
2, 3, 11, 1867, 34871
What are the prime factors of 3257017656?
2, 3, 47, 89, 32443
What are the prime factors of 618161004?
2, 3, 17, 336689
What are the prime factors of 40130206?
2, 3527, 5689
What are the prime factors of 944401857?
3, 7, 44971517
What are the prime factors of 192099317?
131, 1466407
What are the prime factors of 50697378?
2, 3, 661, 4261
What are the prime factors of 757046085?
3, 5, 37, 1364047
List the prime factors of 104715773.
104715773
What are the prime factors of 63716032?
2, 977, 1019
List the prime factors of 1876215630.
2, 3, 5, 62540521
List the prime factors of 803581634.
2, 401790817
What are the prime factors of 977424225?
3, 5, 683, 19081
What are 